94179?
7
What is the tens digit of 242522564?
6
What is the millions digit of 376033305?
6
What is the ten millions digit of 377793584?
7
What is the millions digit of 18696151?
8
What is the ten millions digit of 36571083?
3
What is the hundreds digit of 184523400?
4
What is the hundreds digit of 623397074?
0
What is the thousands digit of 48902986?
2
What is the ten thousands digit of 29352691?
5
What is the millions digit of 270550684?
0
What is the millions digit of 158289324?
8
What is the ten millions digit of 14622900?
1
What is the hundreds digit of 35615206?
2
What is the tens digit of 2010777350?
5
What is the hundreds digit of 61517944?
9
What is the hundred millions digit of 347718735?
3
What is the ten thousands digit of 3299705298?
0
What is the tens digit of 1989353305?
0
What is the millions digit of 147114695?
7
What is the millions digit of 24376025?
4
What is the millions digit of 179099066?
9
What is the ten millions digit of 641491673?
4
What is the hundreds digit of 5042803672?
6
What is the billions digit of 1448110503?
1
What is the hundred thousands digit of 208652278?
6
What is the ten thousands digit of 2860267922?
6
What is the thousands digit of 2239659036?
9
What is the hundreds digit of 394170073?
0
What is the hundred millions digit of 1347511835?
3
What is the hundreds digit of 584045054?
0
What is the hundreds digit of 3195852482?
4
What is the units digit of 726116002?
2
What is the ten millions digit of 597886564?
9
What is the hundred millions digit of 534231251?
5
What is the ten millions digit of 42401104?
4
What is the units digit of 55606457?
7
What is the hundred thousands digit of 70297400?
2
What is the hundreds digit of 1331961364?
3
What is the units digit of 18905536?
6
What is the thousands digit of 106989433?
9
What is the tens digit of 124649002?
0
What is the units digit of 1360868482?
2
What is the hundreds digit of 116144053?
0
What is the millions digit of 1307937564?
7
What is the hundreds digit of 814606883?
8
What is the units digit of 416796249?
9
What is the millions digit of 100445222?
0
What is the hundred millions digit of 472098295?
4
What is the hundreds digit of 5413432749?
7
What is the hundreds digit of 3610908039?
0
What is the units digit of 664648480?
0
What is the units digit of 437588110?
0
What is the hundred thousands digit of 389380620?
3
What is the units digit of 2451038559?
9
What is the ten thousands digit of 85941646?
4
What is the hundred thousands digit of 1129096592?
0
What is the tens digit of 457975545?
4
What is the hundred millions digit of 131734930?
1
What is the hundreds digit of 59676110?
1
What is the hundred thousands digit of 528848935?
8
What is the thousands digit of 76001203?
1
What is the thousands digit of 114454835?
4
What is the thousands digit of 4631929?
1
What is the hundreds digit of 4647338?
3
What is the units digit of 1197535949?
9
What is the millions digit of 664201285?
4
What is the thousands digit of 7240208801?
8
What is the millions digit of 172242518?
2
What is the tens digit of 62476815?
1
What is the hundred thousands digit of 36467075?
4
What is the billions digit of 9183919515?
9
What is the units digit of 78361273?
3
What is the tens digit of 551292937?
3
What is the ten millions digit of 130503796?
3
What is the units digit of 192611557?
7
What is the ten millions digit of 50540627?
5
What is the hundred thousands digit of 193567969?
5
What is the ten millions digit of 52329387?
5
What is the millions digit of 52111373?
2
What is the hundred thousands digit of 338545020?
5
What is the hundred thousands digit of 257730762?
7
What is the ten millions digit of 51498788?
5
What is the tens digit of 2965268786?
8
What is the hundred thousands digit of 73206818?
2
What is the millions digit of 22438083?
2
What is the hundred thousands digit of 3700962816?
9
What is the millions digit of 259113069?
9
What is the hundred thousands digit of 759163691?
1
What is the ten millions digit of 1071743703?
7
What is the units digit of 246071613?
3
What is the hundreds digit of 110752771?
7
What is the tens digit of 1543276502?
0
What is the hundred millions digit of 395226616?
3
What is the hundred millions digit of 4798226557?
7
What is the ten millions digit of 2405137615?
0
What is the thousands digit of 2409164995?
4
What is the millions digit of 2109321928?
9
What is the ten thousands digit of 22165498?
6
What is the hundreds digit of 106946431?
4
What is the millions digit of 43871339?
3
What is the hundred thousands digit of 7255594292?
5
What is the hundred thousands digit of 1271469173?
4
What is the hundreds digit of 1680742?
7
What is the hundred millions digit of 3566409449?
5
What is the tens digit of 1370245003?
0
What is the ten thousands digit of 37536015?
3
What is the units digit of 77071215?
5
What is the hundred thousands digit of 1021491094?
4
What is the hundreds digit of 1522334797?
7
What is the ten thousands digit of 3066836331?
3
What is the hundreds digit of 387981792?
7
What is the hundreds digit of 302457875?
8
What is the hundred thousands digit of 55218566?
2
What is the tens digit of 26980567?
6
What is the thousands digit of 202542409?
2
What is the hundred millions digit of 3897941853?
8
What is the thousands digit of 119735044?
5
What is the units digit of 31370214?
4
What is the millions digit of 26932763?
6
What is the units digit of 21095663?
3
What is the ten millions digit of 27694419?
2
What is the thousands digit of 382520341?
0
What is the units digit of 1129939150?
0
What is the millions digit of 1411901032?
1
What is the thousands digit of 1785876835?
6
What is the tens digit of 961159234?
3
What is the ten millions digit of 60317765?
6
What is the millions digit of 536444590?
6
What is the units digit of 1727325702?
2
What is the hundreds digit of 1112369282?
2
What is the hundred thousands digit of 528963906?
9
What is the thousands digit of 883344510?
4
What is the hundred thousands digit of 8667588?
6
What is the thousands digit of 111746371?
6
What is the thousands digit of 81373261?
3
What is the hundred millions digit of 2286535011?
2
What is the hundreds digit of 299562210?
2
What is the ten thousands digit of 40912318?
1
What is the millions digit of 6317066?
6
What is the ten millions digit of 164728528?
6
What is the billions digit of 1105704518?
1
What is the hundreds digit of 33366976?
9
What is the thousands digit of 943469940?
9
What is the millions digit of 360088238?
0
What is the units digit of 25025656?
6
What is the units digit of 336215300?
0
What is the tens digit of 46608718?
1
What is the tens digit of 384037762?
6
What is the units digit of 373037778?
8
What is the thousands digit of 21372724?
2
What is the hundreds digit of 44739705?
7
What is the ten millions digit of 54823485?
5
What is the units digit of 1904646331?
1
What is the tens digit of 1942924342?
4
What is the hundred millions digit of 2471157895?
4
What is the ten thousands digit of 96105660?
0
What is the hundred thousands digit of 329430006?
4
What is the units digit of 134112200?
0
What is the tens digit of 897829294?
9
What is the hundreds digit of 35211096?
0
What is the units digit of 725433567?
7
What is the hundred millions digit of 1932466518?
9
What is the units digit of 520364762?
2
What is the tens digit of 1242200544?
4
What is the hundreds digit of 1737719329?
3
What is the ten millions digit of 37516449?
3
What is the ten thousands digit of 58667535?
6
What is the units digit of 739405613?
3
What is the thousands digit of 3381377?
1
What is the ten thousands digit of 5177837391?
3
What is the hundred thousands digit of 250353072?
3
What is the hundred thousands digit of 466570002?
5
What is the millions digit of 4823004758?
3
What is the millions digit of 43263454?
3
What is the ten millions digit of 25398277?
2
What is the millions digit of 319536705?
9
What is the hundred millions digit of 145531088?
1
What is the tens digit of 5217258141?
4
What is the thousands digit of 154367265?
7
What is the hundreds digit of 5463146?
1
What is the hundred millions digit of 597144869?
5
What is the units digit of 1367392127?
7
What is the hundreds digit of 2360636444?
4
What is the hundred thousands